hest common factor of 7937600 and 2255?
2255
Calculate the greatest common divisor of 626568 and 15864.
24
Calculate the greatest common divisor of 204 and 168719118.
102
What is the highest common factor of 559 and 977327?
13
Calculate the highest common divisor of 29119 and 14357241.
787
What is the greatest common divisor of 2388258 and 21731454?
16938
Calculate the greatest common factor of 55758083 and 1.
1
Calculate the highest common factor of 5392550 and 7250.
1450
Calculate the highest common factor of 704475 and 159984.
909
What is the highest common factor of 503657 and 2117269?
2387
Calculate the highest common divisor of 3960 and 13564890.
90
What is the greatest common factor of 55 and 239243620?
55
What is the greatest common divisor of 311696375 and 125?
125
Calculate the highest common divisor of 796005320 and 23496.
7832
What is the highest common factor of 3 and 7675047?
3
What is the greatest common divisor of 267 and 529119?
3
Calculate the highest common divisor of 1595 and 269125945.
1595
Calculate the highest common factor of 6202093 and 68.
17
Calculate the highest common divisor of 49311733 and 723.
241
What is the greatest common divisor of 35328 and 42528?
96
Calculate the highest common factor of 3171 and 19811351.
1057
Calculate the highest common divisor of 990 and 43561620.
90
What is the greatest common divisor of 864 and 549552?
48
What is the greatest common divisor of 46 and 1520948738?
46
Calculate the highest common factor of 2227 and 814079.
17
What is the greatest common divisor of 1236 and 262058780?
412
What is the greatest common divisor of 67507 and 12529?
187
Calculate the greatest common divisor of 43121592 and 216.
216
What is the greatest common factor of 288 and 66623328?
288
What is the highest common factor of 153 and 257648855?
17
Calculate the greatest common factor of 16152564 and 56064.
876
What is the highest common factor of 540423 and 322803?
3627
What is the highest common divisor of 432 and 7944102?
54
Calculate the greatest common divisor of 312000 and 491712.
2496
Calculate the highest common divisor of 70395 and 25050.
15
Calculate the highest common divisor of 5885 and 3421715.
55
What is the greatest common divisor of 1806 and 2803686?
258
Calculate the greatest common divisor of 206642 and 140716.
554
What is the highest common factor of 6775461 and 1?
1
Calculate the highest common divisor of 80 and 2774990.
10
What is the highest common divisor of 816266 and 198?
22
What is the greatest common factor of 1783326 and 2034408?
6438
What is the greatest common factor of 13971380 and 2840?
1420
What is the greatest common factor of 10252887 and 255?
51
Calculate the highest common divisor of 12099 and 3071.
37
What is the highest common factor of 860 and 4611836?
172
Calculate the greatest common divisor of 335940705 and 90.
45
What is the greatest common factor of 2934968 and 27056?
152
Calculate the highest common divisor of 306 and 4638943.
17
Calculate the highest common divisor of 55914 and 78846.
6
What is the greatest common factor of 385358 and 19969?
19
Calculate the greatest common divisor of 255115 and 4995.
185
Calculate the greatest common factor of 62937 and 13762.
7
What is the highest common divisor of 569221 and 361?
19
What is the greatest common divisor of 98 and 245735?
49
Calculate the highest common factor of 402981 and 993.
3
Calculate the highest common divisor of 554818 and 374.
22
Calculate the greatest common factor of 7167744892 and 553.
553
What is the highest common factor of 152 and 20268098?
38
Calculate the highest common factor of 4246565 and 16760.
2095
Calculate the highest common divisor of 10118768 and 176.
176
Calculate the highest common divisor of 1134719220 and 60.
60
Calculate the highest common factor of 226351 and 1937977.
491
What is the greatest common factor of 860 and 400533648?
172
What is the greatest common factor of 105 and 300954710?
35
What is the highest common divisor of 144244 and 44?
4
What is the greatest common factor of 68891768 and 8?
8
Calculate the greatest common factor of 1305 and 86930.
5
What is the greatest common factor of 4290 and 2606595?
15
What is the highest common factor of 12954080 and 16?
16
Calculate the greatest common divisor of 63339123 and 21.
3
What is the highest common divisor of 2905 and 3784800?
415
Calculate the highest common factor of 296265 and 4065.
15
Calculate the highest common divisor of 2925 and 333970650.
2925
Calculate the greatest common divisor of 99 and 98519795.
11
Calculate the greatest common factor of 6028618 and 453994.
10558
Calculate the greatest common divisor of 8681010 and 1160.
10
What is the highest common divisor of 852 and 103921422?
426
Calculate the greatest common divisor of 513 and 1060128.
27
What is the highest common divisor of 376 and 128695964?
188
Calculate the highest common factor of 3130 and 5090.
10
Calculate the highest common divisor of 7635492 and 177144.
732
Calculate the greatest common divisor of 7332 and 1354236.
156
Calculate the highest common factor of 1191506659 and 34.
17
What is the greatest common divisor of 31 and 17491223?
31
What is the greatest common divisor of 16878 and 36714?
174
Calculate the highest common divisor of 63296 and 1767872.
1472
Calculate the highest common factor of 30940 and 3993470.
2210
Calculate the highest common factor of 61350984 and 1.
1
What is the greatest common divisor of 10786538 and 14?
14
Calculate the highest common factor of 190 and 56607099.
19
What is the greatest common divisor of 567861 and 1764?
147
Calculate the greatest common factor of 430165 and 41311.
379
What is the greatest common divisor of 112 and 658080808?
56
Calculate the highest common divisor of 3762810 and 22734.
18
Calculate the highest common divisor of 556 and 7783583.
139
What is the greatest common divisor of 4254 and 93176071?
709
What is the highest common divisor of 225663915 and 2485?
355
Calculate the greatest common factor of 589 and 3255713.
31
Calculate the greatest common factor of 376850 and 14.
2
What is the highest common divisor of 924 and 5414244?
132
What is the greatest common divisor of 141207 and 351263?
121
Calculate the greatest common factor of 6208409 and 631.
631
What is the greatest common divisor of 96 and 25666296?
24
What is the highest common factor of 251174 and 756318?
466
Calculate the highest common factor of 11145 and 839820.
15
What is the greatest common divisor of 2743 and 15687850?
211
What is the greatest common divisor of 569100 and 12900?
300
What is the greatest common factor of 34 and 956358562?
34
What is the highest common factor of 16716 and 4874884?
28
Calculate the highest common divisor of 23696 and 4795478.
2962
Calculate the greatest common divisor of 11852779 and 662.
331
Calculate the greatest common factor of 1815062 and 556.
278
Calculate the highest common divisor of 58377115 and 265.
265
What is the greatest common divisor of 20700 and 517338?
18
What is the highest common divisor of 22 and 129942384?
22
What is the greatest common divisor of 20595 and 216?
3
What is the greatest common factor of 13288849 and 4558?
2279
Calculate the highest common divisor of 26848409 and 7.
7
Calculate the highest common factor of 55272 and 1358868.
588
Calculate the greatest common factor of 8956 and 18868.
4
What is the greatest common factor of 879937471 and 1106?
553
What is the highest common factor of 7505 and 4567505?
95
What is the highest common factor of 3757609 and 107707?
1517
Calculate the highest common divisor of 24 and 878154.
6
Calculate the greatest common factor of 8 and 101955.
1
What is the highest common divisor of 5069 and 951307?
37
What is the greatest common factor of 249365028 and 66?
66
What is the greatest common divisor of 58599425 and 8650?
4325
Calculate the greatest common factor of 66549448 and 40.
8
What is the highest common divisor of 45948 and 2676?
12
Calculate the highest common factor of 133673595 and 24323.
1871
What is the highest common factor of 163089347 and 289?
289
What is the highest common divisor of 141154840 and 70?
10
Calculate the highest common divisor of 27 and 364132773.
27
What is the greatest common factor of 159670 and 784